
{"id":20558,"date":"2026-04-07T17:16:32","date_gmt":"2026-04-07T17:16:32","guid":{"rendered":"https:\/\/mexicocity.cdmx.gob.mx\/?page_id=20558"},"modified":"2026-04-15T16:49:51","modified_gmt":"2026-04-15T16:49:51","slug":"la-ola-mas-grande-del-mundo","status":"publish","type":"page","link":"https:\/\/mexicocity.cdmx.gob.mx\/la-ola-mas-grande-del-mundo\/","title":{"rendered":"LA OLA m\u00e1s grande del mundo"},"content":{"rendered":"<p><a href=\"https:\/\/forms.gle\/fSnQHWVuzZsPiCTT7\"><img loading=\"lazy\" decoding=\"async\" class=\"wp-image-20509 aligncenter\" src=\"http:\/\/mexicocity.cdmx.gob.mx\/wp-content\/uploads\/2026\/04\/ola_chilanga_web-03.jpg-scaled.jpeg\" alt=\"\" width=\"771\" height=\"964\" srcset=\"https:\/\/mexicocity.cdmx.gob.mx\/wp-content\/uploads\/2026\/04\/ola_chilanga_web-03.jpg-scaled.jpeg 2048w, https:\/\/mexicocity.cdmx.gob.mx\/wp-content\/uploads\/2026\/04\/ola_chilanga_web-03.jpg-240x300.jpeg 240w, https:\/\/mexicocity.cdmx.gob.mx\/wp-content\/uploads\/2026\/04\/ola_chilanga_web-03.jpg-819x1024.jpeg 819w, https:\/\/mexicocity.cdmx.gob.mx\/wp-content\/uploads\/2026\/04\/ola_chilanga_web-03.jpg-768x960.jpeg 768w, https:\/\/mexicocity.cdmx.gob.mx\/wp-content\/uploads\/2026\/04\/ola_chilanga_web-03.jpg-1229x1536.jpeg 1229w, https:\/\/mexicocity.cdmx.gob.mx\/wp-content\/uploads\/2026\/04\/ola_chilanga_web-03.jpg-1638x2048.jpeg 1638w\" sizes=\"auto, (max-width: 771px) 100vw, 771px\" \/><\/a><\/p>\n<p>&nbsp;<\/p>\n<h1 style=\"text-align: center;\"><span lang=\"es-ES\"><b>LA OLA M\u00c1S GRANDE DEL MUNDO<\/b><\/span><\/h1>\n<h3 style=\"text-align: center;\"><span style=\"font-size: 16px;\">El Mundial de 1986 vio nacer un fen\u00f3meno global inigualable en los estadios de la capital mexicana. La c\u00e9lebre &#8220;ola&#8221; cumple 40 a\u00f1os de haber transformado la manera de vivir el deporte, convirti\u00e9ndose en un s\u00edmbolo universal de alegr\u00eda, hermandad y euforia que hoy recorre las gradas de todo el planeta. La Ciudad de M\u00e9xico conmemora sus cuatro d\u00e9cadas rumbo a la Copa Mundial de la FIFA 2026 organizando un reto monumental.<br \/>\n<\/span><\/h3>\n<h3 style=\"text-align: center;\"><span style=\"font-size: 16px;\">El objetivo consiste en hacer historia al imponer por primera vez el R\u00e9cord Guinness oficial de la marea humana m\u00e1s grande del mundo. La Ola Chilanga busca reunir a m\u00e1s de 600,000 personas ejecutando una acci\u00f3n masiva en perfecta sincron\u00eda colectiva, capaz de transformarse en una espectacular marea humana que recorrer\u00e1 la avenida Reforma hasta el Z\u00f3calo capitalino. El evento se convertir\u00e1 en una fiesta dedicada a la inclusi\u00f3n, la fraternidad y la diversidad. As\u00ed, la metr\u00f3poli da la bienvenida a visitantes de todos los pa\u00edses, culturas, expresiones de g\u00e9nero y tribus urbanas. Asistentes locales y extranjeros, familias enteras, personas con discapacidad, comunidades ind\u00edgenas y la comunidad LGBTQ+ demostrar\u00e1n nuevamente al mundo que la Ciudad de M\u00e9xico es un espacio seguro y de puertas abiertas. Juntos en una celebraci\u00f3n que borra cualquier frontera.<br \/>\n<\/span><\/h3>\n<h1 style=\"text-align: center;\">\ud83d\uddd3 <span lang=\"es-ES\"><b>Fecha<\/b><\/span><span lang=\"es-ES\">: 31 de mayo de 2026<\/span><\/h1>\n<h1 style=\"text-align: center;\">\ud83d\udd50 <span lang=\"es-ES\"><b>Llegada y registro<\/b><\/span><span lang=\"es-ES\">: 6:00 am \u2013 7:30 am<\/span><\/h1>\n<h1 style=\"text-align: center;\">\ud83d\udd50 <span lang=\"es-ES\"><b>Pruebas<\/b><\/span><span lang=\"es-ES\">: 8:30 am \u2013 8:50 am<\/span><\/h1>\n<h1 style=\"text-align: center;\">\ud83d\udd50 <span lang=\"es-ES\"><b>Ola m\u00e1s grande del mundo<\/b><\/span><span lang=\"es-ES\">: 9:00 am \u2013 9:30 am<\/span><\/h1>\n<h3 style=\"text-align: center;\">\ud83d\udccd <span lang=\"es-ES\"><b>Lugar<\/b><\/span><span lang=\"es-ES\">: \u00c1ngel de la Independencia \u2013 Z\u00f3calo de la Ciudad de M\u00e9xico<\/span><\/h3>\n<h3 style=\"text-align: center;\"><span lang=\"es-ES\">Se contar\u00e1 con diversos puntos de acceso<\/span><\/h3>\n<h3 style=\"text-align: center;\">\u2705 <span lang=\"es-ES\"><b>Registro<\/b><\/span><span lang=\"es-ES\">:<\/span><\/h3>\n<ul style=\"text-align: center;\">\n<li>\n<h3><span lang=\"es-ES\">En el sitio: <\/span><span style=\"color: #467886;\"><u><a href=\"https:\/\/forms.gle\/X6khviXuxiXtUHT28\"><span lang=\"es-ES\">https:\/\/forms.gle\/X6khviXuxiXtUHT28<\/span><\/a><\/u><\/span> (hasta el 30 de mayo)<\/h3>\n<\/li>\n<\/ul>\n<h3 style=\"text-align: center;\"><span style=\"color: #ff00ff;\"><span lang=\"es-ES\"><b>Acceso<\/b><\/span><span lang=\"es-ES\">:<\/span><\/span><\/h3>\n<h3 style=\"text-align: center;\"><span lang=\"es-ES\">Se contar\u00e1 con varios accesos a la zona donde se realizar\u00e1 el evento. Informaremos oportunamente de cada uno de ellos.<\/span><\/h3>\n<h3 style=\"text-align: center;\"><span lang=\"es-ES\" style=\"color: #ff00ff;\"><b>Costo:<\/b><\/span><span lang=\"es-ES\"><br \/>\nEste evento ser\u00e1 totalmente gratuito<\/span><\/h3>\n<h3 style=\"text-align: center;\"><span lang=\"es-ES\" style=\"color: #ff00ff;\"><b>M\u00e1s informaci\u00f3n:<\/b><\/span><\/h3>\n<h3 style=\"text-align: center;\"><span style=\"font-family: Segoe UI Emoji, sans-serif;\"><b>E<\/b><\/span><span lang=\"es-ES\">n: <\/span><span style=\"color: #467886;\"><u><a href=\"http:\/\/www.mexicocity.cdmx.gob.mx\/\"><span lang=\"es-ES\">www.mexicocity.cdmx.gob.mx<\/span><\/a><\/u><\/span><br \/>\nY en las redes sociales de la Secretar\u00eda de Turismo de la Ciudad de M\u00e9xico<\/h3>\n<p>&nbsp;<\/p>\n<p><img loading=\"lazy\" decoding=\"async\" class=\"alignnone size-full wp-image-20589\" src=\"http:\/\/mexicocity.cdmx.gob.mx\/wp-content\/uploads\/2026\/04\/monitos-scaled.png\" alt=\"\" width=\"2560\" height=\"329\" srcset=\"https:\/\/mexicocity.cdmx.gob.mx\/wp-content\/uploads\/2026\/04\/monitos-scaled.png 2560w, https:\/\/mexicocity.cdmx.gob.mx\/wp-content\/uploads\/2026\/04\/monitos-300x39.png 300w, https:\/\/mexicocity.cdmx.gob.mx\/wp-content\/uploads\/2026\/04\/monitos-1024x131.png 1024w, https:\/\/mexicocity.cdmx.gob.mx\/wp-content\/uploads\/2026\/04\/monitos-768x99.png 768w, https:\/\/mexicocity.cdmx.gob.mx\/wp-content\/uploads\/2026\/04\/monitos-1536x197.png 1536w, https:\/\/mexicocity.cdmx.gob.mx\/wp-content\/uploads\/2026\/04\/monitos-2048x263.png 2048w\" sizes=\"auto, (max-width: 2560px) 100vw, 2560px\" \/><\/p>\n<p>&nbsp;<\/p>\n<p>&nbsp;<\/p>\n<p><span lang=\"es-ES\" style=\"color: #ff00ff;\"><b>Preguntas frecuentes:<\/b><\/span><\/p>\n<ul>\n<li><span lang=\"es-ES\"><b>\ud83d\udcc6 \u00bfCu\u00e1ndo se realizar\u00e1?<\/b><\/span><span lang=\"es-ES\">\u00a0 El domingo 31 de mayo de 2026<\/span><\/li>\n<li><span lang=\"es-ES\"><b>\u2705\u00bfEn qu\u00e9 horario?<\/b><\/span><span lang=\"es-ES\">\u00a0 \u23f0El evento tendr\u00e1 inicio a partir de las 6:00 am y aproximadamente hasta las 10:00 am. Te recomendamos asistir con tiempo para encontrar un buen lugar para tu participaci\u00f3n. Habr\u00e1 adem\u00e1s muchas sorpresas y actividades para toda la familia.<\/span><\/li>\n<li><span lang=\"es-ES\"><b>\ud83d\udc36 \u00bfPuedo llevar mascotas?<\/b><\/span><span lang=\"es-ES\"> \ud83d\udc31 El evento es totalmente inclusivo, lleva a tus mascotas pero siempre cuida su bienestar; no lo expongas al sol ni a las multitudes.<\/span><\/li>\n<li><span lang=\"es-ES\"><b>\ud83e\uddd1\u200d\ud83e\uddaf \ud83d\udc15\u200d\ud83e\uddba\u00a0 \u00bfSi tengo alguna discapacidad, hay un lugar especial?<\/b><\/span><span lang=\"es-ES\"> \u267f Contaremos con un \u00e1rea especial para tu participaci\u00f3n.<\/span><\/li>\n<li><span lang=\"es-ES\"><b>\ud83c\udfaf \u00bfPor qu\u00e9 tengo que registrarme?<\/b><\/span><span lang=\"es-ES\"> No es obligatorio, pero es muy conveniente para el protocolo del R\u00e9cord Mundial. <\/span><\/li>\n<li><span lang=\"es-ES\"><b>\u00bfSi tengo alg\u00fan accidente, me ayudar\u00e1n?<\/b><\/span><span lang=\"es-ES\"> Si, contaremos con servicios de primeros auxilios y se cubrir\u00e1n todos los protocolos de Protecci\u00f3n Civil <\/span><\/li>\n<li><span lang=\"es-ES\"><b>\ud83d\udc83 \u00bfQu\u00e9 vestimenta debo usar?<\/b><\/span><span lang=\"es-ES\">\u00a0 <b>\ud83d\udd7a<\/b>Queremos que La Ola Chilanga demuestre toda la diversidad,\ud83c\udf08 colorido y ambiente festivo que caracteriza a la Ciudad de M\u00e9xico \ud83e\udd20 . As\u00ed que puedes venir ataviado con la vestimenta,<span class=\"x1rg5ohu x16dsc37 x19la9d6 x1fc57z9 x6ikm8r x10wlt62 x19co3pv x11tp94h xw4jnvo x1qx5ct2 xfibh0p xiy17q3 x1xsqp64 x1lkfr7t xexx8yu xyri2b x18d9i69 x1c1uobl\"><span class=\"xrtxmta x1bhl96m\">\ud83c\udf8e<\/span><\/span> maquillaje o caracterizaci\u00f3n que m\u00e1s te identifique. \ud83d\udc57 Son bienvenidas todas las tribus urbanas, comunidades ind\u00edgenas y residentes\u2764\ufe0f, comunidad LGBTQ+ \ud83c\udff3\ufe0f\u200d\ud83c\udf08, expresiones culturales nacionales e internacionales, \ud83d\udc99 banderas de todo el mundo, etc. \ud83d\udc9c\u00a1La diversidad no tiene l\u00edmites! \ud83d\udc9b\ud83d\udc99<\/span><\/li>\n<\/ul>\n<p><\/p>","protected":false},"excerpt":{"rendered":"<p>&nbsp; LA OLA M\u00c1S GRANDE DEL MUNDO El Mundial de 1986 vio nacer un fen\u00f3meno global inigualable en los estadios de la capital mexicana. La c\u00e9lebre &#8220;ola&#8221; cumple 40 a\u00f1os de haber transformado la manera de vivir el deporte, convirti\u00e9ndose en un s\u00edmbolo universal de alegr\u00eda, hermandad y euforia que hoy recorre las gradas de [&hellip;]<\/p>\n","protected":false},"author":71,"featured_media":0,"parent":0,"menu_order":0,"comment_status":"closed","ping_status":"closed","template":"","meta":{"footnotes":""},"class_list":["post-20558","page","type-page","status-publish","hentry"],"_links":{"self":[{"href":"https:\/\/mexicocity.cdmx.gob.mx\/api\/wp\/v2\/pages\/20558","targetHints":{"allow":["GET"]}}],"collection":[{"href":"https:\/\/mexicocity.cdmx.gob.mx\/api\/wp\/v2\/pages"}],"about":[{"href":"https:\/\/mexicocity.cdmx.gob.mx\/api\/wp\/v2\/types\/page"}],"author":[{"embeddable":true,"href":"https:\/\/mexicocity.cdmx.gob.mx\/api\/wp\/v2\/users\/71"}],"replies":[{"embeddable":true,"href":"https:\/\/mexicocity.cdmx.gob.mx\/api\/wp\/v2\/comments?post=20558"}],"version-history":[{"count":21,"href":"https:\/\/mexicocity.cdmx.gob.mx\/api\/wp\/v2\/pages\/20558\/revisions"}],"predecessor-version":[{"id":20656,"href":"https:\/\/mexicocity.cdmx.gob.mx\/api\/wp\/v2\/pages\/20558\/revisions\/20656"}],"wp:attachment":[{"href":"https:\/\/mexicocity.cdmx.gob.mx\/api\/wp\/v2\/media?parent=20558"}],"curies":[{"name":"wp","href":"https:\/\/api.w.org\/{rel}","templated":true}]}}

LA OLA más grande del mundo

<p><a href="https://forms.gle/fSnQHWVuzZsPiCTT7"><img loading="lazy" decoding="async" class="wp-image-20509 aligncenter" src="http://mexicocity.cdmx.gob.mx/wp-content/uploads/2026/04/ola_chilanga_web-03.jpg-scaled.jpeg" alt="" width="771" height="964" srcset="https://mexicocity.cdmx.gob.mx/wp-content/uploads/2026/04/ola_chilanga_web-03.jpg-scaled.jpeg 2048w, https://mexicocity.cdmx.gob.mx/wp-content/uploads/2026/04/ola_chilanga_web-03.jpg-240x300.jpeg 240w, https://mexicocity.cdmx.gob.mx/wp-content/uploads/2026/04/ola_chilanga_web-03.jpg-819x1024.jpeg 819w, https://mexicocity.cdmx.gob.mx/wp-content/uploads/2026/04/ola_chilanga_web-03.jpg-768x960.jpeg 768w, https://mexicocity.cdmx.gob.mx/wp-content/uploads/2026/04/ola_chilanga_web-03.jpg-1229x1536.jpeg 1229w, https://mexicocity.cdmx.gob.mx/wp-content/uploads/2026/04/ola_chilanga_web-03.jpg-1638x2048.jpeg 1638w" sizes="auto, (max-width: 771px) 100vw, 771px" /></a></p>
<p>&nbsp;</p>
<h1 style="text-align: center;"><span lang="es-ES"><b>LA OLA MÁS GRANDE DEL MUNDO</b></span></h1>
<h3 style="text-align: center;"><span style="font-size: 16px;">El Mundial de 1986 vio nacer un fenómeno global inigualable en los estadios de la capital mexicana. La célebre &#8220;ola&#8221; cumple 40 años de haber transformado la manera de vivir el deporte, convirtiéndose en un símbolo universal de alegría, hermandad y euforia que hoy recorre las gradas de todo el planeta. La Ciudad de México conmemora sus cuatro décadas rumbo a la Copa Mundial de la FIFA 2026 organizando un reto monumental.<br />
</span></h3>
<h3 style="text-align: center;"><span style="font-size: 16px;">El objetivo consiste en hacer historia al imponer por primera vez el Récord Guinness oficial de la marea humana más grande del mundo. La Ola Chilanga busca reunir a más de 600,000 personas ejecutando una acción masiva en perfecta sincronía colectiva, capaz de transformarse en una espectacular marea humana que recorrerá la avenida Reforma hasta el Zócalo capitalino. El evento se convertirá en una fiesta dedicada a la inclusión, la fraternidad y la diversidad. Así, la metrópoli da la bienvenida a visitantes de todos los países, culturas, expresiones de género y tribus urbanas. Asistentes locales y extranjeros, familias enteras, personas con discapacidad, comunidades indígenas y la comunidad LGBTQ+ demostrarán nuevamente al mundo que la Ciudad de México es un espacio seguro y de puertas abiertas. Juntos en una celebración que borra cualquier frontera.<br />
</span></h3>
<h1 style="text-align: center;">🗓 <span lang="es-ES"><b>Fecha</b></span><span lang="es-ES">: 31 de mayo de 2026</span></h1>
<h1 style="text-align: center;">🕐 <span lang="es-ES"><b>Llegada y registro</b></span><span lang="es-ES">: 6:00 am – 7:30 am</span></h1>
<h1 style="text-align: center;">🕐 <span lang="es-ES"><b>Pruebas</b></span><span lang="es-ES">: 8:30 am – 8:50 am</span></h1>
<h1 style="text-align: center;">🕐 <span lang="es-ES"><b>Ola más grande del mundo</b></span><span lang="es-ES">: 9:00 am – 9:30 am</span></h1>
<h3 style="text-align: center;">📍 <span lang="es-ES"><b>Lugar</b></span><span lang="es-ES">: Ángel de la Independencia – Zócalo de la Ciudad de México</span></h3>
<h3 style="text-align: center;"><span lang="es-ES">Se contará con diversos puntos de acceso</span></h3>
<h3 style="text-align: center;">✅ <span lang="es-ES"><b>Registro</b></span><span lang="es-ES">:</span></h3>
<ul style="text-align: center;">
<li>
<h3><span lang="es-ES">En el sitio: </span><span style="color: #467886;"><u><a href="https://forms.gle/X6khviXuxiXtUHT28"><span lang="es-ES">https://forms.gle/X6khviXuxiXtUHT28</span></a></u></span> (hasta el 30 de mayo)</h3>
</li>
</ul>
<h3 style="text-align: center;"><span style="color: #ff00ff;"><span lang="es-ES"><b>Acceso</b></span><span lang="es-ES">:</span></span></h3>
<h3 style="text-align: center;"><span lang="es-ES">Se contará con varios accesos a la zona donde se realizará el evento. Informaremos oportunamente de cada uno de ellos.</span></h3>
<h3 style="text-align: center;"><span lang="es-ES" style="color: #ff00ff;"><b>Costo:</b></span><span lang="es-ES"><br />
Este evento será totalmente gratuito</span></h3>
<h3 style="text-align: center;"><span lang="es-ES" style="color: #ff00ff;"><b>Más información:</b></span></h3>
<h3 style="text-align: center;"><span style="font-family: Segoe UI Emoji, sans-serif;"><b>E</b></span><span lang="es-ES">n: </span><span style="color: #467886;"><u><a href="http://www.mexicocity.cdmx.gob.mx/"><span lang="es-ES">www.mexicocity.cdmx.gob.mx</span></a></u></span><br />
Y en las redes sociales de la Secretaría de Turismo de la Ciudad de México</h3>
<p>&nbsp;</p>
<p><img loading="lazy" decoding="async" class="alignnone size-full wp-image-20589" src="http://mexicocity.cdmx.gob.mx/wp-content/uploads/2026/04/monitos-scaled.png" alt="" width="2560" height="329" srcset="https://mexicocity.cdmx.gob.mx/wp-content/uploads/2026/04/monitos-scaled.png 2560w, https://mexicocity.cdmx.gob.mx/wp-content/uploads/2026/04/monitos-300x39.png 300w, https://mexicocity.cdmx.gob.mx/wp-content/uploads/2026/04/monitos-1024x131.png 1024w, https://mexicocity.cdmx.gob.mx/wp-content/uploads/2026/04/monitos-768x99.png 768w, https://mexicocity.cdmx.gob.mx/wp-content/uploads/2026/04/monitos-1536x197.png 1536w, https://mexicocity.cdmx.gob.mx/wp-content/uploads/2026/04/monitos-2048x263.png 2048w" sizes="auto, (max-width: 2560px) 100vw, 2560px" /></p>
<p>&nbsp;</p>
<p>&nbsp;</p>
<p><span lang="es-ES" style="color: #ff00ff;"><b>Preguntas frecuentes:</b></span></p>
<ul>
<li><span lang="es-ES"><b>📆 ¿Cuándo se realizará?</b></span><span lang="es-ES">  El domingo 31 de mayo de 2026</span></li>
<li><span lang="es-ES"><b>✅¿En qué horario?</b></span><span lang="es-ES">  ⏰El evento tendrá inicio a partir de las 6:00 am y aproximadamente hasta las 10:00 am. Te recomendamos asistir con tiempo para encontrar un buen lugar para tu participación. Habrá además muchas sorpresas y actividades para toda la familia.</span></li>
<li><span lang="es-ES"><b>🐶 ¿Puedo llevar mascotas?</b></span><span lang="es-ES"> 🐱 El evento es totalmente inclusivo, lleva a tus mascotas pero siempre cuida su bienestar; no lo expongas al sol ni a las multitudes.</span></li>
<li><span lang="es-ES"><b>🧑‍🦯 🐕‍🦺  ¿Si tengo alguna discapacidad, hay un lugar especial?</b></span><span lang="es-ES"> ♿ Contaremos con un área especial para tu participación.</span></li>
<li><span lang="es-ES"><b>🎯 ¿Por qué tengo que registrarme?</b></span><span lang="es-ES"> No es obligatorio, pero es muy conveniente para el protocolo del Récord Mundial. </span></li>
<li><span lang="es-ES"><b>¿Si tengo algún accidente, me ayudarán?</b></span><span lang="es-ES"> Si, contaremos con servicios de primeros auxilios y se cubrirán todos los protocolos de Protección Civil </span></li>
<li><span lang="es-ES"><b>💃 ¿Qué vestimenta debo usar?</b></span><span lang="es-ES">  <b>🕺</b>Queremos que La Ola Chilanga demuestre toda la diversidad,🌈 colorido y ambiente festivo que caracteriza a la Ciudad de México 🤠 . Así que puedes venir ataviado con la vestimenta,<span class="x1rg5ohu x16dsc37 x19la9d6 x1fc57z9 x6ikm8r x10wlt62 x19co3pv x11tp94h xw4jnvo x1qx5ct2 xfibh0p xiy17q3 x1xsqp64 x1lkfr7t xexx8yu xyri2b x18d9i69 x1c1uobl"><span class="xrtxmta x1bhl96m">🎎</span></span> maquillaje o caracterización que más te identifique. 👗 Son bienvenidas todas las tribus urbanas, comunidades indígenas y residentes❤️, comunidad LGBTQ+ 🏳️‍🌈, expresiones culturales nacionales e internacionales, 💙 banderas de todo el mundo, etc. 💜¡La diversidad no tiene límites! 💛💙</span></li>
</ul>
<p></p>

<p>&nbsp; LA OLA MÁS GRANDE DEL MUNDO El Mundial de 1986 vio nacer un fenómeno global inigualable en los estadios de la capital mexicana. La célebre &#8220;ola&#8221; cumple 40 años de haber transformado la manera de vivir el deporte, convirtiéndose en un símbolo universal de alegría, hermandad y euforia que hoy recorre las gradas de [&hellip;]</p>
